{"id":3876,"date":"2024-02-13T11:06:06","date_gmt":"2024-02-13T10:06:06","guid":{"rendered":"https:\/\/www.italchim.com\/shop\/?post_type=product&#038;p=3876"},"modified":"2024-11-19T10:39:47","modified_gmt":"2024-11-19T09:39:47","slug":"distributore-automatico-di-sapone-e-gel-igienizzante-600ml","status":"publish","type":"product","link":"https:\/\/www.italchim.com\/shop\/prodotto\/distributore-automatico-di-sapone-e-gel-igienizzante-600ml\/","title":{"rendered":"DISTRIBUTORE AUTOMATICO DI SAPONE E GEL IGIENIZZANTE 600ml"},"content":{"rendered":"","protected":false},"excerpt":{"rendered":"<p>Erogatore elettronico da parete dal<strong>\u00a0design semplice e moderno\u00a0<\/strong>\u00e8\u00a0adatto ad ogni interno. La base \u00e8 realizzata\u00a0in\u00a0<strong>ABS bianco,\u00a0<\/strong>il<strong>\u00a0serbatoio<\/strong>\u00a0invece in\u00a0<strong>policarbonato trasparente<\/strong>. Grazie al<strong>\u00a0sensore<\/strong>\u00a0l\u2019erogazione del prodotto (disinfettante o sapone) avviene in maniera automatica, pratica e veloce senza il contatto diretto con la superficie dell\u2019oggetto. Non necessit\u00e0 il collegmento con una presa a muro perch\u00e8 questo prodotto \u00e8\u00a0a\u00a0<strong>pile<\/strong>.<\/p>\n<p>Grazie al\u00a0<strong>comodo scomparto<\/strong>\u00a0totalmente<strong>\u00a0<\/strong>trasparente\u00a0\u00e8 possibile controllare il livello del contenuto della ricarica, im maniera tale da non rimanere mai senza detergente. Il\u00a0<strong>dosatore sapone\u00a0\u00e8<\/strong>\u00a0dotato di\u00a0<strong>sistema touch-free,<\/strong>\u00a0difatti\u00a0basta semplicemente posizionare le mani sotto lo strumento e\u00a0<strong>il sapone o il gel igienizzante\u00a0verr\u00e0 erogato in automatico<\/strong>\u00a0e in una quantit\u00e0 sufficiente per effettuare una attenta pulizia\u00a0<strong>evitando\u00a0<\/strong>cos\u00ec\u00a0<strong>gli sprechi<\/strong>.<\/p>\n<h3>Caratteristiche:<\/h3>\n<ul>\n<li>Sistema di erogazione automatica con sensore;<\/li>\n<li>Chiusura con chiave di plastica;<\/li>\n<li>4 pile da 1,5 V non comprese;<\/li>\n<li>Da 600ml,<\/li>\n<li>Dimensioni\u00a0<strong>16,5x11x10 cm.<\/strong><\/li>\n<li>Viteria inclusa.<\/li>\n<\/ul>\n<h3>Utilizzo:<\/h3>\n<p>Per utilizzarlo basta:<\/p>\n<ul>\n<li>posizionare le mani sotto la fotocellula;<\/li>\n<li>attendere qualche secondo l\u2019erogazione del prodotto;<\/li>\n<li>sfregare le mani.<\/li>\n<\/ul>\n<h3>Dove installarlo:<\/h3>\n<p>Utilissimo nei bagni pubblici di ristoranti,pizzerie, hotel,negozi vari, ospedali, studi medici, bar, case di riposo ecc.<\/p>\n<p>Molto<strong>\u00a0facile da pulire<\/strong>,\u00a0<strong>poca manutenzione<\/strong>\u00a0richiesta.<\/p>\n","protected":false},"featured_media":3877,"template":"","meta":[],"product_cat":[15,97],"product_tag":[],"yoast_head":"<!-- This site is optimized with the Yoast SEO plugin v19.10 - https:\/\/yoast.com\/wordpress\/plugins\/seo\/ -->\n<title>DISTRIBUTORE AUTOMATICO DI SAPONE E GEL IGIENIZZANTE 600ml &ndash; Italchim Shop<\/title>\n<meta name=\"robots\" content=\"index, follow, max-snippet:-1, max-image-preview:large, max-video-preview:-1\" \/>\n<link rel=\"canonical\" href=\"https:\/\/www.italchim.com\/shop\/prodotto\/distributore-automatico-di-sapone-e-gel-igienizzante-600ml\/\" \/>\n<meta property=\"og:locale\" content=\"it_IT\" \/>\n<meta property=\"og:type\" content=\"article\" \/>\n<meta property=\"og:title\" content=\"DISTRIBUTORE AUTOMATICO DI SAPONE E GEL IGIENIZZANTE 600ml &ndash; Italchim Shop\" \/>\n<meta property=\"og:description\" content=\"Erogatore elettronico da parete dal\u00a0design semplice e moderno\u00a0\u00e8\u00a0adatto ad ogni interno. La base \u00e8 realizzata\u00a0in\u00a0ABS bianco,\u00a0il\u00a0serbatoio\u00a0invece in\u00a0policarbonato trasparente. Grazie al\u00a0sensore\u00a0l\u2019erogazione del prodotto (disinfettante o sapone) avviene in maniera automatica, pratica e veloce senza il contatto diretto con la superficie dell\u2019oggetto. Non necessit\u00e0 il collegmento con una presa a muro perch\u00e8 questo prodotto \u00e8\u00a0a\u00a0pile.  Grazie al\u00a0comodo scomparto\u00a0totalmente\u00a0trasparente\u00a0\u00e8 possibile controllare il livello del contenuto della ricarica, im maniera tale da non rimanere mai senza detergente. Il\u00a0dosatore sapone\u00a0\u00e8\u00a0dotato di\u00a0sistema touch-free,\u00a0difatti\u00a0basta semplicemente posizionare le mani sotto lo strumento e\u00a0il sapone o il gel igienizzante\u00a0verr\u00e0 erogato in automatico\u00a0e in una quantit\u00e0 sufficiente per effettuare una attenta pulizia\u00a0evitando\u00a0cos\u00ec\u00a0gli sprechi. Caratteristiche:   Sistema di erogazione automatica con sensore;  Chiusura con chiave di plastica;  4 pile da 1,5 V non comprese;  Da 600ml,  Dimensioni\u00a016,5x11x10 cm.  Viteria inclusa.  Utilizzo: Per utilizzarlo basta:   posizionare le mani sotto la fotocellula;  attendere qualche secondo l\u2019erogazione del prodotto;  sfregare le mani.  Dove installarlo: Utilissimo nei bagni pubblici di ristoranti,pizzerie, hotel,negozi vari, ospedali, studi medici, bar, case di riposo ecc.  Molto\u00a0facile da pulire,\u00a0poca manutenzione\u00a0richiesta.\" \/>\n<meta property=\"og:url\" content=\"https:\/\/www.italchim.com\/shop\/prodotto\/distributore-automatico-di-sapone-e-gel-igienizzante-600ml\/\" \/>\n<meta property=\"og:site_name\" content=\"Italchim Shop\" \/>\n<meta property=\"article:publisher\" content=\"https:\/\/www.facebook.com\/prodottipuliziaigiene\" \/>\n<meta property=\"article:modified_time\" content=\"2024-11-19T09:39:47+00:00\" \/>\n<meta property=\"og:image\" content=\"https:\/\/www.italchim.com\/shop\/wp-content\/uploads\/sites\/2\/2024\/02\/vama-abs-auto-400x400-1.jpg\" \/>\n\t<meta property=\"og:image:width\" content=\"400\" \/>\n\t<meta property=\"og:image:height\" content=\"400\" \/>\n\t<meta property=\"og:image:type\" content=\"image\/jpeg\" \/>\n<meta name=\"twitter:card\" content=\"summary_large_image\" \/>\n<script type=\"application\/ld+json\" class=\"yoast-schema-graph\">{\"@context\":\"https:\/\/schema.org\",\"@graph\":[{\"@type\":\"WebPage\",\"@id\":\"https:\/\/www.italchim.com\/shop\/prodotto\/distributore-automatico-di-sapone-e-gel-igienizzante-600ml\/\",\"url\":\"https:\/\/www.italchim.com\/shop\/prodotto\/distributore-automatico-di-sapone-e-gel-igienizzante-600ml\/\",\"name\":\"DISTRIBUTORE AUTOMATICO DI SAPONE E GEL IGIENIZZANTE 600ml &ndash; Italchim Shop\",\"isPartOf\":{\"@id\":\"https:\/\/www.italchim.com\/shop\/#website\"},\"datePublished\":\"2024-02-13T10:06:06+00:00\",\"dateModified\":\"2024-11-19T09:39:47+00:00\",\"breadcrumb\":{\"@id\":\"https:\/\/www.italchim.com\/shop\/prodotto\/distributore-automatico-di-sapone-e-gel-igienizzante-600ml\/#breadcrumb\"},\"inLanguage\":\"it-IT\",\"potentialAction\":[{\"@type\":\"ReadAction\",\"target\":[\"https:\/\/www.italchim.com\/shop\/prodotto\/distributore-automatico-di-sapone-e-gel-igienizzante-600ml\/\"]}]},{\"@type\":\"BreadcrumbList\",\"@id\":\"https:\/\/www.italchim.com\/shop\/prodotto\/distributore-automatico-di-sapone-e-gel-igienizzante-600ml\/#breadcrumb\",\"itemListElement\":[{\"@type\":\"ListItem\",\"position\":1,\"name\":\"Home\",\"item\":\"https:\/\/www.italchim.com\/shop\/\"},{\"@type\":\"ListItem\",\"position\":2,\"name\":\"Shop\",\"item\":\"https:\/\/www.italchim.com\/shop\/negozio\/\"},{\"@type\":\"ListItem\",\"position\":3,\"name\":\"DISTRIBUTORE AUTOMATICO DI SAPONE E GEL IGIENIZZANTE 600ml\"}]},{\"@type\":\"WebSite\",\"@id\":\"https:\/\/www.italchim.com\/shop\/#website\",\"url\":\"https:\/\/www.italchim.com\/shop\/\",\"name\":\"Italchim Shop - Ecommerce\",\"description\":\"Evoluzione di una formula vincente\",\"publisher\":{\"@id\":\"https:\/\/www.italchim.com\/shop\/#organization\"},\"potentialAction\":[{\"@type\":\"SearchAction\",\"target\":{\"@type\":\"EntryPoint\",\"urlTemplate\":\"https:\/\/www.italchim.com\/shop\/?s={search_term_string}\"},\"query-input\":\"required name=search_term_string\"}],\"inLanguage\":\"it-IT\"},{\"@type\":\"Organization\",\"@id\":\"https:\/\/www.italchim.com\/shop\/#organization\",\"name\":\"Italchim Shop - Ecommerce\",\"url\":\"https:\/\/www.italchim.com\/shop\/\",\"logo\":{\"@type\":\"ImageObject\",\"inLanguage\":\"it-IT\",\"@id\":\"https:\/\/www.italchim.com\/shop\/#\/schema\/logo\/image\/\",\"url\":\"https:\/\/www.italchim.com\/shop\/wp-content\/uploads\/sites\/2\/2022\/11\/italchim-logo.png\",\"contentUrl\":\"https:\/\/www.italchim.com\/shop\/wp-content\/uploads\/sites\/2\/2022\/11\/italchim-logo.png\",\"width\":400,\"height\":94,\"caption\":\"Italchim Shop - Ecommerce\"},\"image\":{\"@id\":\"https:\/\/www.italchim.com\/shop\/#\/schema\/logo\/image\/\"},\"sameAs\":[\"https:\/\/www.facebook.com\/prodottipuliziaigiene\"]}]}<\/script>\n<!-- \/ Yoast SEO plugin. -->","yoast_head_json":{"title":"DISTRIBUTORE AUTOMATICO DI SAPONE E GEL IGIENIZZANTE 600ml &ndash; Italchim Shop","robots":{"index":"index","follow":"follow","max-snippet":"max-snippet:-1","max-image-preview":"max-image-preview:large","max-video-preview":"max-video-preview:-1"},"canonical":"https:\/\/www.italchim.com\/shop\/prodotto\/distributore-automatico-di-sapone-e-gel-igienizzante-600ml\/","og_locale":"it_IT","og_type":"article","og_title":"DISTRIBUTORE AUTOMATICO DI SAPONE E GEL IGIENIZZANTE 600ml &ndash; Italchim Shop","og_description":"Erogatore elettronico da parete dal\u00a0design semplice e moderno\u00a0\u00e8\u00a0adatto ad ogni interno. La base \u00e8 realizzata\u00a0in\u00a0ABS bianco,\u00a0il\u00a0serbatoio\u00a0invece in\u00a0policarbonato trasparente. Grazie al\u00a0sensore\u00a0l\u2019erogazione del prodotto (disinfettante o sapone) avviene in maniera automatica, pratica e veloce senza il contatto diretto con la superficie dell\u2019oggetto. Non necessit\u00e0 il collegmento con una presa a muro perch\u00e8 questo prodotto \u00e8\u00a0a\u00a0pile.  Grazie al\u00a0comodo scomparto\u00a0totalmente\u00a0trasparente\u00a0\u00e8 possibile controllare il livello del contenuto della ricarica, im maniera tale da non rimanere mai senza detergente. Il\u00a0dosatore sapone\u00a0\u00e8\u00a0dotato di\u00a0sistema touch-free,\u00a0difatti\u00a0basta semplicemente posizionare le mani sotto lo strumento e\u00a0il sapone o il gel igienizzante\u00a0verr\u00e0 erogato in automatico\u00a0e in una quantit\u00e0 sufficiente per effettuare una attenta pulizia\u00a0evitando\u00a0cos\u00ec\u00a0gli sprechi. Caratteristiche:   Sistema di erogazione automatica con sensore;  Chiusura con chiave di plastica;  4 pile da 1,5 V non comprese;  Da 600ml,  Dimensioni\u00a016,5x11x10 cm.  Viteria inclusa.  Utilizzo: Per utilizzarlo basta:   posizionare le mani sotto la fotocellula;  attendere qualche secondo l\u2019erogazione del prodotto;  sfregare le mani.  Dove installarlo: Utilissimo nei bagni pubblici di ristoranti,pizzerie, hotel,negozi vari, ospedali, studi medici, bar, case di riposo ecc.  Molto\u00a0facile da pulire,\u00a0poca manutenzione\u00a0richiesta.","og_url":"https:\/\/www.italchim.com\/shop\/prodotto\/distributore-automatico-di-sapone-e-gel-igienizzante-600ml\/","og_site_name":"Italchim Shop","article_publisher":"https:\/\/www.facebook.com\/prodottipuliziaigiene","article_modified_time":"2024-11-19T09:39:47+00:00","og_image":[{"width":400,"height":400,"url":"https:\/\/www.italchim.com\/shop\/wp-content\/uploads\/sites\/2\/2024\/02\/vama-abs-auto-400x400-1.jpg","type":"image\/jpeg"}],"twitter_card":"summary_large_image","schema":{"@context":"https:\/\/schema.org","@graph":[{"@type":"WebPage","@id":"https:\/\/www.italchim.com\/shop\/prodotto\/distributore-automatico-di-sapone-e-gel-igienizzante-600ml\/","url":"https:\/\/www.italchim.com\/shop\/prodotto\/distributore-automatico-di-sapone-e-gel-igienizzante-600ml\/","name":"DISTRIBUTORE AUTOMATICO DI SAPONE E GEL IGIENIZZANTE 600ml &ndash; Italchim Shop","isPartOf":{"@id":"https:\/\/www.italchim.com\/shop\/#website"},"datePublished":"2024-02-13T10:06:06+00:00","dateModified":"2024-11-19T09:39:47+00:00","breadcrumb":{"@id":"https:\/\/www.italchim.com\/shop\/prodotto\/distributore-automatico-di-sapone-e-gel-igienizzante-600ml\/#breadcrumb"},"inLanguage":"it-IT","potentialAction":[{"@type":"ReadAction","target":["https:\/\/www.italchim.com\/shop\/prodotto\/distributore-automatico-di-sapone-e-gel-igienizzante-600ml\/"]}]},{"@type":"BreadcrumbList","@id":"https:\/\/www.italchim.com\/shop\/prodotto\/distributore-automatico-di-sapone-e-gel-igienizzante-600ml\/#breadcrumb","itemListElement":[{"@type":"ListItem","position":1,"name":"Home","item":"https:\/\/www.italchim.com\/shop\/"},{"@type":"ListItem","position":2,"name":"Shop","item":"https:\/\/www.italchim.com\/shop\/negozio\/"},{"@type":"ListItem","position":3,"name":"DISTRIBUTORE AUTOMATICO DI SAPONE E GEL IGIENIZZANTE 600ml"}]},{"@type":"WebSite","@id":"https:\/\/www.italchim.com\/shop\/#website","url":"https:\/\/www.italchim.com\/shop\/","name":"Italchim Shop - Ecommerce","description":"Evoluzione di una formula vincente","publisher":{"@id":"https:\/\/www.italchim.com\/shop\/#organization"},"potentialAction":[{"@type":"SearchAction","target":{"@type":"EntryPoint","urlTemplate":"https:\/\/www.italchim.com\/shop\/?s={search_term_string}"},"query-input":"required name=search_term_string"}],"inLanguage":"it-IT"},{"@type":"Organization","@id":"https:\/\/www.italchim.com\/shop\/#organization","name":"Italchim Shop - Ecommerce","url":"https:\/\/www.italchim.com\/shop\/","logo":{"@type":"ImageObject","inLanguage":"it-IT","@id":"https:\/\/www.italchim.com\/shop\/#\/schema\/logo\/image\/","url":"https:\/\/www.italchim.com\/shop\/wp-content\/uploads\/sites\/2\/2022\/11\/italchim-logo.png","contentUrl":"https:\/\/www.italchim.com\/shop\/wp-content\/uploads\/sites\/2\/2022\/11\/italchim-logo.png","width":400,"height":94,"caption":"Italchim Shop - Ecommerce"},"image":{"@id":"https:\/\/www.italchim.com\/shop\/#\/schema\/logo\/image\/"},"sameAs":["https:\/\/www.facebook.com\/prodottipuliziaigiene"]}]}},"_links":{"self":[{"href":"https:\/\/www.italchim.com\/shop\/wp-json\/wp\/v2\/product\/3876"}],"collection":[{"href":"https:\/\/www.italchim.com\/shop\/wp-json\/wp\/v2\/product"}],"about":[{"href":"https:\/\/www.italchim.com\/shop\/wp-json\/wp\/v2\/types\/product"}],"wp:featuredmedia":[{"embeddable":true,"href":"https:\/\/www.italchim.com\/shop\/wp-json\/wp\/v2\/media\/3877"}],"wp:attachment":[{"href":"https:\/\/www.italchim.com\/shop\/wp-json\/wp\/v2\/media?parent=3876"}],"wp:term":[{"taxonomy":"product_cat","embeddable":true,"href":"https:\/\/www.italchim.com\/shop\/wp-json\/wp\/v2\/product_cat?post=3876"},{"taxonomy":"product_tag","embeddable":true,"href":"https:\/\/www.italchim.com\/shop\/wp-json\/wp\/v2\/product_tag?post=3876"}],"curies":[{"name":"wp","href":"https:\/\/api.w.org\/{rel}","templated":true}]}}