{"id":1730,"date":"2021-07-08T11:49:44","date_gmt":"2021-07-08T09:49:44","guid":{"rendered":"http:\/\/italchim.molluscobalena.eu\/shop\/prodotto\/virkon-198-e-a-kg\/"},"modified":"2026-03-17T17:22:37","modified_gmt":"2026-03-17T16:22:37","slug":"virkon","status":"publish","type":"product","link":"https:\/\/www.italchim.com\/shop\/prodotto\/virkon\/","title":{"rendered":"VIRKON 1KG"},"content":{"rendered":"","protected":false},"excerpt":{"rendered":"<p>Virkon Rely+OnTM Presidio Medico Chirurgico Reg. N. 16765 Disinfettante di alto livello ad ampio spettro che unisce efficacia, sicurezza, semplicit\u00e0 d&#8217;uso e compatibilit\u00e0 ambientale. \u00c8 efficace contro 20 famiglie di virus, (UNICO PRODOTTO AD ESSERE TESTATO ANCHE SU COVID 19) 43 tipi di batteri e 27 generi di funghi.<br \/>\nI test sono stati eseguiti da laboratori indipendenti, secondo standard internazionali riconosciuti Rely+OnTM Virkon possiede un colorante interno indicatore del principio attivo , che semplifica la verifica dell&#8217;efficacia residua del prodotto fino a cinque giorni dalla preparazione iniziale. La soluzione biocida ottenuta pu\u00f2 essere utilizzata come disinfettante per superfici oppure tramite nebbiogeno aerosol a secco per la disinfezione degli ambienti e di tutti gli oggetti, arredi e attrezzature che vi sono all&#8217;interno.<br \/>\nRegistrazione EPA (USA) n. 62432-2<br \/>\nRegistrazioni MAFF (UK), DIN (Canada), OGHM (Austria) DGHM<br \/>\n(Germania) ecc. L&#8217;azione disinfettante del Rely+On\u2122 Virkon\u00ae si esplica grazie allo sviluppo di: Cloro attivo, Cloramina, Acido ipocloroso, Cloro in situ, Acqua ossigenata che sviluppa ossigeno attivo.<\/p>\n<p>CONFEZIONE: BARATTOLO DA 1 KG. CON DOSATORE DA 10 GR, PER RICOSTITUIRE 100 FLACONI DA 1 LT. O 200 FLACONI DA 500 ML.<\/p>\n<p>COSTO IN USO:<\/p>\n<p>1 FLACONE DA 1 LT. DI DISINFETTANTE VIRKON DI ALTO LIVELLO = \u20ac 1,98<\/p>\n<p>1 FLACONE DA 500 ML. DI DISINFETTANTE VIRKON DI ALTO LIVELLO = \u20ac 0,99<\/p>\n<p>Da abbinare esclusivamente con: <a href=\"https:\/\/www.italchim.com\/shop\/prodotto\/flacone-professionale-con-spruzzatore-500-ml\/\" target=\"_blank\" rel=\"noopener noreferrer\">Flacone professionale con spruzzatore 500 ml<\/a> e <a href=\"https:\/\/www.italchim.com\/shop\/prodotto\/flacone-professionale-con-spruzzatore-1000ml\/\" target=\"_blank\" rel=\"noopener noreferrer\">1000ml<\/a>, <a href=\"https:\/\/www.italchim.com\/shop\/prodotto\/mini-pompa-spray\/\" target=\"_blank\" rel=\"noopener noreferrer\">Mini pompa spray<\/a> e <a href=\"https:\/\/www.italchim.com\/shop\/prodotto\/elettropompa-futura\/\" target=\"_blank\" rel=\"noopener noreferrer\">Elettropompa futura<\/a>.<\/p>\n<p>[maxbutton id=\"1\" url=\"https:\/\/www.italchim.com\/shop\/wp-content\/uploads\/sites\/2\/2025\/03\/RelyOn-Virkon-Brochure-Italy-V21_Ago21.pdf\" ] [maxbutton id=\"2\" url=\"https:\/\/www.italchim.com\/shop\/wp-content\/uploads\/sites\/2\/2025\/03\/RelyOnVirkon_SDS_IT_IT_27gen23.pdf\" ]<\/p>\n","protected":false},"featured_media":1745,"template":"","meta":[],"product_cat":[133,129],"product_tag":[],"yoast_head":"<!-- This site is optimized with the Yoast SEO plugin v19.10 - https:\/\/yoast.com\/wordpress\/plugins\/seo\/ -->\n<title>VIRKON 1KG &ndash; Italchim Shop<\/title>\n<meta name=\"robots\" content=\"index, follow, max-snippet:-1, max-image-preview:large, max-video-preview:-1\" \/>\n<link rel=\"canonical\" href=\"https:\/\/www.italchim.com\/shop\/prodotto\/virkon\/\" \/>\n<meta property=\"og:locale\" content=\"it_IT\" \/>\n<meta property=\"og:type\" content=\"article\" \/>\n<meta property=\"og:title\" content=\"VIRKON 1KG &ndash; Italchim Shop\" \/>\n<meta property=\"og:description\" content=\"Virkon Rely+OnTM Presidio Medico Chirurgico Reg. N. 16765 Disinfettante di alto livello ad ampio spettro che unisce efficacia, sicurezza, semplicit\u00e0 d&#039;uso e compatibilit\u00e0 ambientale. \u00c8 efficace contro 20 famiglie di virus, (UNICO PRODOTTO AD ESSERE TESTATO ANCHE SU COVID 19) 43 tipi di batteri e 27 generi di funghi. I test sono stati eseguiti da laboratori indipendenti, secondo standard internazionali riconosciuti Rely+OnTM Virkon possiede un colorante interno indicatore del principio attivo , che semplifica la verifica dell&#039;efficacia residua del prodotto fino a cinque giorni dalla preparazione iniziale. La soluzione biocida ottenuta pu\u00f2 essere utilizzata come disinfettante per superfici oppure tramite nebbiogeno aerosol a secco per la disinfezione degli ambienti e di tutti gli oggetti, arredi e attrezzature che vi sono all&#039;interno. Registrazione EPA (USA) n. 62432-2 Registrazioni MAFF (UK), DIN (Canada), OGHM (Austria) DGHM (Germania) ecc. L&#039;azione disinfettante del Rely+On\u2122 Virkon\u00ae si esplica grazie allo sviluppo di: Cloro attivo, Cloramina, Acido ipocloroso, Cloro in situ, Acqua ossigenata che sviluppa ossigeno attivo.  CONFEZIONE: BARATTOLO DA 1 KG. CON DOSATORE DA 10 GR, PER RICOSTITUIRE 100 FLACONI DA 1 LT. O 200 FLACONI DA 500 ML.  COSTO IN USO:  1 FLACONE DA 1 LT. DI DISINFETTANTE VIRKON DI ALTO LIVELLO = \u20ac 1,98  1 FLACONE DA 500 ML. DI DISINFETTANTE VIRKON DI ALTO LIVELLO = \u20ac 0,99  Da abbinare esclusivamente con: Flacone professionale con spruzzatore 500 ml e 1000ml, Mini pompa spray e Elettropompa futura.\" \/>\n<meta property=\"og:url\" content=\"https:\/\/www.italchim.com\/shop\/prodotto\/virkon\/\" \/>\n<meta property=\"og:site_name\" content=\"Italchim Shop\" \/>\n<meta property=\"article:publisher\" content=\"https:\/\/www.facebook.com\/prodottipuliziaigiene\" \/>\n<meta property=\"article:modified_time\" content=\"2026-03-17T16:22:37+00:00\" \/>\n<meta property=\"og:image\" content=\"https:\/\/www.italchim.com\/shop\/wp-content\/uploads\/sites\/2\/2021\/07\/virkon.jpg\" \/>\n\t<meta property=\"og:image:width\" content=\"1000\" \/>\n\t<meta property=\"og:image:height\" content=\"1000\" \/>\n\t<meta property=\"og:image:type\" content=\"image\/jpeg\" \/>\n<meta name=\"twitter:card\" content=\"summary_large_image\" \/>\n<script type=\"application\/ld+json\" class=\"yoast-schema-graph\">{\"@context\":\"https:\/\/schema.org\",\"@graph\":[{\"@type\":\"WebPage\",\"@id\":\"https:\/\/www.italchim.com\/shop\/prodotto\/virkon\/\",\"url\":\"https:\/\/www.italchim.com\/shop\/prodotto\/virkon\/\",\"name\":\"VIRKON 1KG &ndash; Italchim Shop\",\"isPartOf\":{\"@id\":\"https:\/\/www.italchim.com\/shop\/#website\"},\"datePublished\":\"2021-07-08T09:49:44+00:00\",\"dateModified\":\"2026-03-17T16:22:37+00:00\",\"breadcrumb\":{\"@id\":\"https:\/\/www.italchim.com\/shop\/prodotto\/virkon\/#breadcrumb\"},\"inLanguage\":\"it-IT\",\"potentialAction\":[{\"@type\":\"ReadAction\",\"target\":[\"https:\/\/www.italchim.com\/shop\/prodotto\/virkon\/\"]}]},{\"@type\":\"BreadcrumbList\",\"@id\":\"https:\/\/www.italchim.com\/shop\/prodotto\/virkon\/#breadcrumb\",\"itemListElement\":[{\"@type\":\"ListItem\",\"position\":1,\"name\":\"Home\",\"item\":\"https:\/\/www.italchim.com\/shop\/\"},{\"@type\":\"ListItem\",\"position\":2,\"name\":\"Shop\",\"item\":\"https:\/\/www.italchim.com\/shop\/negozio\/\"},{\"@type\":\"ListItem\",\"position\":3,\"name\":\"VIRKON 1KG\"}]},{\"@type\":\"WebSite\",\"@id\":\"https:\/\/www.italchim.com\/shop\/#website\",\"url\":\"https:\/\/www.italchim.com\/shop\/\",\"name\":\"Italchim Shop - Ecommerce\",\"description\":\"Evoluzione di una formula vincente\",\"publisher\":{\"@id\":\"https:\/\/www.italchim.com\/shop\/#organization\"},\"potentialAction\":[{\"@type\":\"SearchAction\",\"target\":{\"@type\":\"EntryPoint\",\"urlTemplate\":\"https:\/\/www.italchim.com\/shop\/?s={search_term_string}\"},\"query-input\":\"required name=search_term_string\"}],\"inLanguage\":\"it-IT\"},{\"@type\":\"Organization\",\"@id\":\"https:\/\/www.italchim.com\/shop\/#organization\",\"name\":\"Italchim Shop - Ecommerce\",\"url\":\"https:\/\/www.italchim.com\/shop\/\",\"logo\":{\"@type\":\"ImageObject\",\"inLanguage\":\"it-IT\",\"@id\":\"https:\/\/www.italchim.com\/shop\/#\/schema\/logo\/image\/\",\"url\":\"https:\/\/www.italchim.com\/shop\/wp-content\/uploads\/sites\/2\/2022\/11\/italchim-logo.png\",\"contentUrl\":\"https:\/\/www.italchim.com\/shop\/wp-content\/uploads\/sites\/2\/2022\/11\/italchim-logo.png\",\"width\":400,\"height\":94,\"caption\":\"Italchim Shop - Ecommerce\"},\"image\":{\"@id\":\"https:\/\/www.italchim.com\/shop\/#\/schema\/logo\/image\/\"},\"sameAs\":[\"https:\/\/www.facebook.com\/prodottipuliziaigiene\"]}]}<\/script>\n<!-- \/ Yoast SEO plugin. -->","yoast_head_json":{"title":"VIRKON 1KG &ndash; Italchim Shop","robots":{"index":"index","follow":"follow","max-snippet":"max-snippet:-1","max-image-preview":"max-image-preview:large","max-video-preview":"max-video-preview:-1"},"canonical":"https:\/\/www.italchim.com\/shop\/prodotto\/virkon\/","og_locale":"it_IT","og_type":"article","og_title":"VIRKON 1KG &ndash; Italchim Shop","og_description":"Virkon Rely+OnTM Presidio Medico Chirurgico Reg. N. 16765 Disinfettante di alto livello ad ampio spettro che unisce efficacia, sicurezza, semplicit\u00e0 d'uso e compatibilit\u00e0 ambientale. \u00c8 efficace contro 20 famiglie di virus, (UNICO PRODOTTO AD ESSERE TESTATO ANCHE SU COVID 19) 43 tipi di batteri e 27 generi di funghi. I test sono stati eseguiti da laboratori indipendenti, secondo standard internazionali riconosciuti Rely+OnTM Virkon possiede un colorante interno indicatore del principio attivo , che semplifica la verifica dell'efficacia residua del prodotto fino a cinque giorni dalla preparazione iniziale. La soluzione biocida ottenuta pu\u00f2 essere utilizzata come disinfettante per superfici oppure tramite nebbiogeno aerosol a secco per la disinfezione degli ambienti e di tutti gli oggetti, arredi e attrezzature che vi sono all'interno. Registrazione EPA (USA) n. 62432-2 Registrazioni MAFF (UK), DIN (Canada), OGHM (Austria) DGHM (Germania) ecc. L'azione disinfettante del Rely+On\u2122 Virkon\u00ae si esplica grazie allo sviluppo di: Cloro attivo, Cloramina, Acido ipocloroso, Cloro in situ, Acqua ossigenata che sviluppa ossigeno attivo.  CONFEZIONE: BARATTOLO DA 1 KG. CON DOSATORE DA 10 GR, PER RICOSTITUIRE 100 FLACONI DA 1 LT. O 200 FLACONI DA 500 ML.  COSTO IN USO:  1 FLACONE DA 1 LT. DI DISINFETTANTE VIRKON DI ALTO LIVELLO = \u20ac 1,98  1 FLACONE DA 500 ML. DI DISINFETTANTE VIRKON DI ALTO LIVELLO = \u20ac 0,99  Da abbinare esclusivamente con: Flacone professionale con spruzzatore 500 ml e 1000ml, Mini pompa spray e Elettropompa futura.","og_url":"https:\/\/www.italchim.com\/shop\/prodotto\/virkon\/","og_site_name":"Italchim Shop","article_publisher":"https:\/\/www.facebook.com\/prodottipuliziaigiene","article_modified_time":"2026-03-17T16:22:37+00:00","og_image":[{"width":1000,"height":1000,"url":"https:\/\/www.italchim.com\/shop\/wp-content\/uploads\/sites\/2\/2021\/07\/virkon.jpg","type":"image\/jpeg"}],"twitter_card":"summary_large_image","schema":{"@context":"https:\/\/schema.org","@graph":[{"@type":"WebPage","@id":"https:\/\/www.italchim.com\/shop\/prodotto\/virkon\/","url":"https:\/\/www.italchim.com\/shop\/prodotto\/virkon\/","name":"VIRKON 1KG &ndash; Italchim Shop","isPartOf":{"@id":"https:\/\/www.italchim.com\/shop\/#website"},"datePublished":"2021-07-08T09:49:44+00:00","dateModified":"2026-03-17T16:22:37+00:00","breadcrumb":{"@id":"https:\/\/www.italchim.com\/shop\/prodotto\/virkon\/#breadcrumb"},"inLanguage":"it-IT","potentialAction":[{"@type":"ReadAction","target":["https:\/\/www.italchim.com\/shop\/prodotto\/virkon\/"]}]},{"@type":"BreadcrumbList","@id":"https:\/\/www.italchim.com\/shop\/prodotto\/virkon\/#breadcrumb","itemListElement":[{"@type":"ListItem","position":1,"name":"Home","item":"https:\/\/www.italchim.com\/shop\/"},{"@type":"ListItem","position":2,"name":"Shop","item":"https:\/\/www.italchim.com\/shop\/negozio\/"},{"@type":"ListItem","position":3,"name":"VIRKON 1KG"}]},{"@type":"WebSite","@id":"https:\/\/www.italchim.com\/shop\/#website","url":"https:\/\/www.italchim.com\/shop\/","name":"Italchim Shop - Ecommerce","description":"Evoluzione di una formula vincente","publisher":{"@id":"https:\/\/www.italchim.com\/shop\/#organization"},"potentialAction":[{"@type":"SearchAction","target":{"@type":"EntryPoint","urlTemplate":"https:\/\/www.italchim.com\/shop\/?s={search_term_string}"},"query-input":"required name=search_term_string"}],"inLanguage":"it-IT"},{"@type":"Organization","@id":"https:\/\/www.italchim.com\/shop\/#organization","name":"Italchim Shop - Ecommerce","url":"https:\/\/www.italchim.com\/shop\/","logo":{"@type":"ImageObject","inLanguage":"it-IT","@id":"https:\/\/www.italchim.com\/shop\/#\/schema\/logo\/image\/","url":"https:\/\/www.italchim.com\/shop\/wp-content\/uploads\/sites\/2\/2022\/11\/italchim-logo.png","contentUrl":"https:\/\/www.italchim.com\/shop\/wp-content\/uploads\/sites\/2\/2022\/11\/italchim-logo.png","width":400,"height":94,"caption":"Italchim Shop - Ecommerce"},"image":{"@id":"https:\/\/www.italchim.com\/shop\/#\/schema\/logo\/image\/"},"sameAs":["https:\/\/www.facebook.com\/prodottipuliziaigiene"]}]}},"_links":{"self":[{"href":"https:\/\/www.italchim.com\/shop\/wp-json\/wp\/v2\/product\/1730"}],"collection":[{"href":"https:\/\/www.italchim.com\/shop\/wp-json\/wp\/v2\/product"}],"about":[{"href":"https:\/\/www.italchim.com\/shop\/wp-json\/wp\/v2\/types\/product"}],"wp:featuredmedia":[{"embeddable":true,"href":"https:\/\/www.italchim.com\/shop\/wp-json\/wp\/v2\/media\/1745"}],"wp:attachment":[{"href":"https:\/\/www.italchim.com\/shop\/wp-json\/wp\/v2\/media?parent=1730"}],"wp:term":[{"taxonomy":"product_cat","embeddable":true,"href":"https:\/\/www.italchim.com\/shop\/wp-json\/wp\/v2\/product_cat?post=1730"},{"taxonomy":"product_tag","embeddable":true,"href":"https:\/\/www.italchim.com\/shop\/wp-json\/wp\/v2\/product_tag?post=1730"}],"curies":[{"name":"wp","href":"https:\/\/api.w.org\/{rel}","templated":true}]}}