{"id":1437,"date":"2021-07-08T11:47:47","date_gmt":"2021-07-08T09:47:47","guid":{"rendered":"http:\/\/italchim.molluscobalena.eu\/shop\/prodotto\/manico-mop-alluminio-con-foro-53-e-a-pz\/"},"modified":"2022-10-06T14:01:51","modified_gmt":"2022-10-06T12:01:51","slug":"manico-mop-alluminio-con-foro","status":"publish","type":"product","link":"https:\/\/www.italchim.com\/shop\/prodotto\/manico-mop-alluminio-con-foro\/","title":{"rendered":"MANICO MOP ALLUMINIO CON FORO"},"content":{"rendered":"","protected":false},"excerpt":{"rendered":"<p>Manico leggero e inossidabile, \u00e9 costituito da un tubolare in alluminio dal diametro di 23 mm ed \u00e9 dotato di foro nella parte finale. Completo di manopola in plastica che rende pi\u00f9 ergonomica la presa da parte dell&#8217;operatore.<\/p>\n<p>CARATTERISTICHE TECNICHE<\/p>\n<p>Dimensioni cm (WxDxH): &#8211; x &#8211; x 140 &#8211; Diametro mm: \u00d8 23 &#8211; Materiale: Alluminio <\/p>\n","protected":false},"featured_media":1793,"template":"","meta":[],"product_cat":[79],"product_tag":[],"yoast_head":"<!-- This site is optimized with the Yoast SEO plugin v19.10 - https:\/\/yoast.com\/wordpress\/plugins\/seo\/ -->\n<title>MANICO MOP ALLUMINIO CON FORO &ndash; Italchim Shop<\/title>\n<meta name=\"robots\" content=\"index, follow, max-snippet:-1, max-image-preview:large, max-video-preview:-1\" \/>\n<link rel=\"canonical\" href=\"https:\/\/www.italchim.com\/shop\/prodotto\/manico-mop-alluminio-con-foro\/\" \/>\n<meta property=\"og:locale\" content=\"it_IT\" \/>\n<meta property=\"og:type\" content=\"article\" \/>\n<meta property=\"og:title\" content=\"MANICO MOP ALLUMINIO CON FORO &ndash; Italchim Shop\" \/>\n<meta property=\"og:description\" content=\"Manico leggero e inossidabile, \u00e9 costituito da un tubolare in alluminio dal diametro di 23 mm ed \u00e9 dotato di foro nella parte finale. Completo di manopola in plastica che rende pi\u00f9 ergonomica la presa da parte dell&#039;operatore.  CARATTERISTICHE TECNICHE  Dimensioni cm (WxDxH): - x - x 140 - Diametro mm: \u00d8 23 - Materiale: Alluminio\" \/>\n<meta property=\"og:url\" content=\"https:\/\/www.italchim.com\/shop\/prodotto\/manico-mop-alluminio-con-foro\/\" \/>\n<meta property=\"og:site_name\" content=\"Italchim Shop\" \/>\n<meta property=\"article:publisher\" content=\"https:\/\/www.facebook.com\/prodottipuliziaigiene\" \/>\n<meta property=\"article:modified_time\" content=\"2022-10-06T12:01:51+00:00\" \/>\n<meta property=\"og:image\" content=\"https:\/\/www.italchim.com\/shop\/wp-content\/uploads\/sites\/2\/2021\/07\/manico-in-alluminio-140cm.jpg\" \/>\n\t<meta property=\"og:image:width\" content=\"400\" \/>\n\t<meta property=\"og:image:height\" content=\"400\" \/>\n\t<meta property=\"og:image:type\" content=\"image\/jpeg\" \/>\n<meta name=\"twitter:card\" content=\"summary_large_image\" \/>\n<script type=\"application\/ld+json\" class=\"yoast-schema-graph\">{\"@context\":\"https:\/\/schema.org\",\"@graph\":[{\"@type\":\"WebPage\",\"@id\":\"https:\/\/www.italchim.com\/shop\/prodotto\/manico-mop-alluminio-con-foro\/\",\"url\":\"https:\/\/www.italchim.com\/shop\/prodotto\/manico-mop-alluminio-con-foro\/\",\"name\":\"MANICO MOP ALLUMINIO CON FORO &ndash; Italchim Shop\",\"isPartOf\":{\"@id\":\"https:\/\/www.italchim.com\/shop\/#website\"},\"datePublished\":\"2021-07-08T09:47:47+00:00\",\"dateModified\":\"2022-10-06T12:01:51+00:00\",\"breadcrumb\":{\"@id\":\"https:\/\/www.italchim.com\/shop\/prodotto\/manico-mop-alluminio-con-foro\/#breadcrumb\"},\"inLanguage\":\"it-IT\",\"potentialAction\":[{\"@type\":\"ReadAction\",\"target\":[\"https:\/\/www.italchim.com\/shop\/prodotto\/manico-mop-alluminio-con-foro\/\"]}]},{\"@type\":\"BreadcrumbList\",\"@id\":\"https:\/\/www.italchim.com\/shop\/prodotto\/manico-mop-alluminio-con-foro\/#breadcrumb\",\"itemListElement\":[{\"@type\":\"ListItem\",\"position\":1,\"name\":\"Home\",\"item\":\"https:\/\/www.italchim.com\/shop\/\"},{\"@type\":\"ListItem\",\"position\":2,\"name\":\"Shop\",\"item\":\"https:\/\/www.italchim.com\/shop\/negozio\/\"},{\"@type\":\"ListItem\",\"position\":3,\"name\":\"MANICO MOP ALLUMINIO CON FORO\"}]},{\"@type\":\"WebSite\",\"@id\":\"https:\/\/www.italchim.com\/shop\/#website\",\"url\":\"https:\/\/www.italchim.com\/shop\/\",\"name\":\"Italchim Shop - Ecommerce\",\"description\":\"Evoluzione di una formula vincente\",\"publisher\":{\"@id\":\"https:\/\/www.italchim.com\/shop\/#organization\"},\"potentialAction\":[{\"@type\":\"SearchAction\",\"target\":{\"@type\":\"EntryPoint\",\"urlTemplate\":\"https:\/\/www.italchim.com\/shop\/?s={search_term_string}\"},\"query-input\":\"required name=search_term_string\"}],\"inLanguage\":\"it-IT\"},{\"@type\":\"Organization\",\"@id\":\"https:\/\/www.italchim.com\/shop\/#organization\",\"name\":\"Italchim Shop - Ecommerce\",\"url\":\"https:\/\/www.italchim.com\/shop\/\",\"logo\":{\"@type\":\"ImageObject\",\"inLanguage\":\"it-IT\",\"@id\":\"https:\/\/www.italchim.com\/shop\/#\/schema\/logo\/image\/\",\"url\":\"https:\/\/www.italchim.com\/shop\/wp-content\/uploads\/sites\/2\/2022\/11\/italchim-logo.png\",\"contentUrl\":\"https:\/\/www.italchim.com\/shop\/wp-content\/uploads\/sites\/2\/2022\/11\/italchim-logo.png\",\"width\":400,\"height\":94,\"caption\":\"Italchim Shop - Ecommerce\"},\"image\":{\"@id\":\"https:\/\/www.italchim.com\/shop\/#\/schema\/logo\/image\/\"},\"sameAs\":[\"https:\/\/www.facebook.com\/prodottipuliziaigiene\"]}]}<\/script>\n<!-- \/ Yoast SEO plugin. -->","yoast_head_json":{"title":"MANICO MOP ALLUMINIO CON FORO &ndash; Italchim Shop","robots":{"index":"index","follow":"follow","max-snippet":"max-snippet:-1","max-image-preview":"max-image-preview:large","max-video-preview":"max-video-preview:-1"},"canonical":"https:\/\/www.italchim.com\/shop\/prodotto\/manico-mop-alluminio-con-foro\/","og_locale":"it_IT","og_type":"article","og_title":"MANICO MOP ALLUMINIO CON FORO &ndash; Italchim Shop","og_description":"Manico leggero e inossidabile, \u00e9 costituito da un tubolare in alluminio dal diametro di 23 mm ed \u00e9 dotato di foro nella parte finale. Completo di manopola in plastica che rende pi\u00f9 ergonomica la presa da parte dell'operatore.  CARATTERISTICHE TECNICHE  Dimensioni cm (WxDxH): - x - x 140 - Diametro mm: \u00d8 23 - Materiale: Alluminio","og_url":"https:\/\/www.italchim.com\/shop\/prodotto\/manico-mop-alluminio-con-foro\/","og_site_name":"Italchim Shop","article_publisher":"https:\/\/www.facebook.com\/prodottipuliziaigiene","article_modified_time":"2022-10-06T12:01:51+00:00","og_image":[{"width":400,"height":400,"url":"https:\/\/www.italchim.com\/shop\/wp-content\/uploads\/sites\/2\/2021\/07\/manico-in-alluminio-140cm.jpg","type":"image\/jpeg"}],"twitter_card":"summary_large_image","schema":{"@context":"https:\/\/schema.org","@graph":[{"@type":"WebPage","@id":"https:\/\/www.italchim.com\/shop\/prodotto\/manico-mop-alluminio-con-foro\/","url":"https:\/\/www.italchim.com\/shop\/prodotto\/manico-mop-alluminio-con-foro\/","name":"MANICO MOP ALLUMINIO CON FORO &ndash; Italchim Shop","isPartOf":{"@id":"https:\/\/www.italchim.com\/shop\/#website"},"datePublished":"2021-07-08T09:47:47+00:00","dateModified":"2022-10-06T12:01:51+00:00","breadcrumb":{"@id":"https:\/\/www.italchim.com\/shop\/prodotto\/manico-mop-alluminio-con-foro\/#breadcrumb"},"inLanguage":"it-IT","potentialAction":[{"@type":"ReadAction","target":["https:\/\/www.italchim.com\/shop\/prodotto\/manico-mop-alluminio-con-foro\/"]}]},{"@type":"BreadcrumbList","@id":"https:\/\/www.italchim.com\/shop\/prodotto\/manico-mop-alluminio-con-foro\/#breadcrumb","itemListElement":[{"@type":"ListItem","position":1,"name":"Home","item":"https:\/\/www.italchim.com\/shop\/"},{"@type":"ListItem","position":2,"name":"Shop","item":"https:\/\/www.italchim.com\/shop\/negozio\/"},{"@type":"ListItem","position":3,"name":"MANICO MOP ALLUMINIO CON FORO"}]},{"@type":"WebSite","@id":"https:\/\/www.italchim.com\/shop\/#website","url":"https:\/\/www.italchim.com\/shop\/","name":"Italchim Shop - Ecommerce","description":"Evoluzione di una formula vincente","publisher":{"@id":"https:\/\/www.italchim.com\/shop\/#organization"},"potentialAction":[{"@type":"SearchAction","target":{"@type":"EntryPoint","urlTemplate":"https:\/\/www.italchim.com\/shop\/?s={search_term_string}"},"query-input":"required name=search_term_string"}],"inLanguage":"it-IT"},{"@type":"Organization","@id":"https:\/\/www.italchim.com\/shop\/#organization","name":"Italchim Shop - Ecommerce","url":"https:\/\/www.italchim.com\/shop\/","logo":{"@type":"ImageObject","inLanguage":"it-IT","@id":"https:\/\/www.italchim.com\/shop\/#\/schema\/logo\/image\/","url":"https:\/\/www.italchim.com\/shop\/wp-content\/uploads\/sites\/2\/2022\/11\/italchim-logo.png","contentUrl":"https:\/\/www.italchim.com\/shop\/wp-content\/uploads\/sites\/2\/2022\/11\/italchim-logo.png","width":400,"height":94,"caption":"Italchim Shop - Ecommerce"},"image":{"@id":"https:\/\/www.italchim.com\/shop\/#\/schema\/logo\/image\/"},"sameAs":["https:\/\/www.facebook.com\/prodottipuliziaigiene"]}]}},"_links":{"self":[{"href":"https:\/\/www.italchim.com\/shop\/wp-json\/wp\/v2\/product\/1437"}],"collection":[{"href":"https:\/\/www.italchim.com\/shop\/wp-json\/wp\/v2\/product"}],"about":[{"href":"https:\/\/www.italchim.com\/shop\/wp-json\/wp\/v2\/types\/product"}],"wp:featuredmedia":[{"embeddable":true,"href":"https:\/\/www.italchim.com\/shop\/wp-json\/wp\/v2\/media\/1793"}],"wp:attachment":[{"href":"https:\/\/www.italchim.com\/shop\/wp-json\/wp\/v2\/media?parent=1437"}],"wp:term":[{"taxonomy":"product_cat","embeddable":true,"href":"https:\/\/www.italchim.com\/shop\/wp-json\/wp\/v2\/product_cat?post=1437"},{"taxonomy":"product_tag","embeddable":true,"href":"https:\/\/www.italchim.com\/shop\/wp-json\/wp\/v2\/product_tag?post=1437"}],"curies":[{"name":"wp","href":"https:\/\/api.w.org\/{rel}","templated":true}]}}