{"id":1355,"date":"2021-07-08T11:47:17","date_gmt":"2021-07-08T09:47:17","guid":{"rendered":"http:\/\/italchim.molluscobalena.eu\/shop\/prodotto\/gs-1-33-aspirapolveri-e-liquidi-281-e-a-pz\/"},"modified":"2024-09-24T16:40:20","modified_gmt":"2024-09-24T14:40:20","slug":"gs-1-33-aspirapolveri-e-liquidi","status":"publish","type":"product","link":"https:\/\/www.italchim.com\/shop\/prodotto\/gs-1-33-aspirapolveri-e-liquidi\/","title":{"rendered":"GS 1\/33 ASPIRAPOLVERI E LIQUIDI"},"content":{"rendered":"","protected":false},"excerpt":{"rendered":"<p>ASPIRAPOLVERE LIQUIDI GS 1\/33 W&amp;D<br \/>\n1300 W 33 LT COMPLETO DI ACCESSORI<\/p>\n<table width=\"439\">\n<tbody>\n<tr>\n<td width=\"439\">ASPIRAPOLVERE LIQUIDI GS 1\/33 W&amp;D<br \/>\n1300 W\u00a0 33 LT\u00a0 COMPLETO DI ACCESSORITBFX00704 Tubo flessibile L. 2 m \u00d836 mm<br \/>\nLAFN28238 Tubo alluminio\/plastica L. 50 cm \u00d836 mm nr. 2 pz cad.<br \/>\nLAFN85073 Curvetta con regolazione dell&#8217;aria \u00d836 mm<br \/>\nSPPV01771 Spazzola doppio uso \u00d836 mm<br \/>\nSPPV28245 Spazzola liquidi \u00d836 mm<br \/>\nSPPV28242 Lancia piatta \u00d836 mm<br \/>\nSPPV28243 Pennello \u00d836 mm<br \/>\nMPVR00141 Bocchettina \u00d836 mm<br \/>\nKTRI02133 Kit filtrante<\/td>\n<\/tr>\n<\/tbody>\n<\/table>\n","protected":false},"featured_media":2461,"template":"","meta":[],"product_cat":[80],"product_tag":[],"yoast_head":"<!-- This site is optimized with the Yoast SEO plugin v19.10 - https:\/\/yoast.com\/wordpress\/plugins\/seo\/ -->\n<title>GS 1\/33 ASPIRAPOLVERI E LIQUIDI &ndash; Italchim Shop<\/title>\n<meta name=\"robots\" content=\"index, follow, max-snippet:-1, max-image-preview:large, max-video-preview:-1\" \/>\n<link rel=\"canonical\" href=\"https:\/\/www.italchim.com\/shop\/prodotto\/gs-1-33-aspirapolveri-e-liquidi\/\" \/>\n<meta property=\"og:locale\" content=\"it_IT\" \/>\n<meta property=\"og:type\" content=\"article\" \/>\n<meta property=\"og:title\" content=\"GS 1\/33 ASPIRAPOLVERI E LIQUIDI &ndash; Italchim Shop\" \/>\n<meta property=\"og:description\" content=\"ASPIRAPOLVERE LIQUIDI GS 1\/33 W&amp;D 1300 W 33 LT COMPLETO DI ACCESSORI    ASPIRAPOLVERE LIQUIDI GS 1\/33 W&amp;D 1300 W\u00a0 33 LT\u00a0 COMPLETO DI ACCESSORITBFX00704 Tubo flessibile L. 2 m \u00d836 mm LAFN28238 Tubo alluminio\/plastica L. 50 cm \u00d836 mm nr. 2 pz cad. LAFN85073 Curvetta con regolazione dell&#039;aria \u00d836 mm SPPV01771 Spazzola doppio uso \u00d836 mm SPPV28245 Spazzola liquidi \u00d836 mm SPPV28242 Lancia piatta \u00d836 mm SPPV28243 Pennello \u00d836 mm MPVR00141 Bocchettina \u00d836 mm KTRI02133 Kit filtrante\" \/>\n<meta property=\"og:url\" content=\"https:\/\/www.italchim.com\/shop\/prodotto\/gs-1-33-aspirapolveri-e-liquidi\/\" \/>\n<meta property=\"og:site_name\" content=\"Italchim Shop\" \/>\n<meta property=\"article:publisher\" content=\"https:\/\/www.facebook.com\/prodottipuliziaigiene\" \/>\n<meta property=\"article:modified_time\" content=\"2024-09-24T14:40:20+00:00\" \/>\n<meta property=\"og:image\" content=\"https:\/\/www.italchim.com\/shop\/wp-content\/uploads\/sites\/2\/2021\/07\/IPC-GS1-33EXT.jpg\" \/>\n\t<meta property=\"og:image:width\" content=\"880\" \/>\n\t<meta property=\"og:image:height\" content=\"880\" \/>\n\t<meta property=\"og:image:type\" content=\"image\/jpeg\" \/>\n<meta name=\"twitter:card\" content=\"summary_large_image\" \/>\n<script type=\"application\/ld+json\" class=\"yoast-schema-graph\">{\"@context\":\"https:\/\/schema.org\",\"@graph\":[{\"@type\":\"WebPage\",\"@id\":\"https:\/\/www.italchim.com\/shop\/prodotto\/gs-1-33-aspirapolveri-e-liquidi\/\",\"url\":\"https:\/\/www.italchim.com\/shop\/prodotto\/gs-1-33-aspirapolveri-e-liquidi\/\",\"name\":\"GS 1\/33 ASPIRAPOLVERI E LIQUIDI &ndash; Italchim Shop\",\"isPartOf\":{\"@id\":\"https:\/\/www.italchim.com\/shop\/#website\"},\"datePublished\":\"2021-07-08T09:47:17+00:00\",\"dateModified\":\"2024-09-24T14:40:20+00:00\",\"breadcrumb\":{\"@id\":\"https:\/\/www.italchim.com\/shop\/prodotto\/gs-1-33-aspirapolveri-e-liquidi\/#breadcrumb\"},\"inLanguage\":\"it-IT\",\"potentialAction\":[{\"@type\":\"ReadAction\",\"target\":[\"https:\/\/www.italchim.com\/shop\/prodotto\/gs-1-33-aspirapolveri-e-liquidi\/\"]}]},{\"@type\":\"BreadcrumbList\",\"@id\":\"https:\/\/www.italchim.com\/shop\/prodotto\/gs-1-33-aspirapolveri-e-liquidi\/#breadcrumb\",\"itemListElement\":[{\"@type\":\"ListItem\",\"position\":1,\"name\":\"Home\",\"item\":\"https:\/\/www.italchim.com\/shop\/\"},{\"@type\":\"ListItem\",\"position\":2,\"name\":\"Shop\",\"item\":\"https:\/\/www.italchim.com\/shop\/negozio\/\"},{\"@type\":\"ListItem\",\"position\":3,\"name\":\"GS 1\/33 ASPIRAPOLVERI E LIQUIDI\"}]},{\"@type\":\"WebSite\",\"@id\":\"https:\/\/www.italchim.com\/shop\/#website\",\"url\":\"https:\/\/www.italchim.com\/shop\/\",\"name\":\"Italchim Shop - Ecommerce\",\"description\":\"Evoluzione di una formula vincente\",\"publisher\":{\"@id\":\"https:\/\/www.italchim.com\/shop\/#organization\"},\"potentialAction\":[{\"@type\":\"SearchAction\",\"target\":{\"@type\":\"EntryPoint\",\"urlTemplate\":\"https:\/\/www.italchim.com\/shop\/?s={search_term_string}\"},\"query-input\":\"required name=search_term_string\"}],\"inLanguage\":\"it-IT\"},{\"@type\":\"Organization\",\"@id\":\"https:\/\/www.italchim.com\/shop\/#organization\",\"name\":\"Italchim Shop - Ecommerce\",\"url\":\"https:\/\/www.italchim.com\/shop\/\",\"logo\":{\"@type\":\"ImageObject\",\"inLanguage\":\"it-IT\",\"@id\":\"https:\/\/www.italchim.com\/shop\/#\/schema\/logo\/image\/\",\"url\":\"https:\/\/www.italchim.com\/shop\/wp-content\/uploads\/sites\/2\/2022\/11\/italchim-logo.png\",\"contentUrl\":\"https:\/\/www.italchim.com\/shop\/wp-content\/uploads\/sites\/2\/2022\/11\/italchim-logo.png\",\"width\":400,\"height\":94,\"caption\":\"Italchim Shop - Ecommerce\"},\"image\":{\"@id\":\"https:\/\/www.italchim.com\/shop\/#\/schema\/logo\/image\/\"},\"sameAs\":[\"https:\/\/www.facebook.com\/prodottipuliziaigiene\"]}]}<\/script>\n<!-- \/ Yoast SEO plugin. -->","yoast_head_json":{"title":"GS 1\/33 ASPIRAPOLVERI E LIQUIDI &ndash; Italchim Shop","robots":{"index":"index","follow":"follow","max-snippet":"max-snippet:-1","max-image-preview":"max-image-preview:large","max-video-preview":"max-video-preview:-1"},"canonical":"https:\/\/www.italchim.com\/shop\/prodotto\/gs-1-33-aspirapolveri-e-liquidi\/","og_locale":"it_IT","og_type":"article","og_title":"GS 1\/33 ASPIRAPOLVERI E LIQUIDI &ndash; Italchim Shop","og_description":"ASPIRAPOLVERE LIQUIDI GS 1\/33 W&amp;D 1300 W 33 LT COMPLETO DI ACCESSORI    ASPIRAPOLVERE LIQUIDI GS 1\/33 W&amp;D 1300 W\u00a0 33 LT\u00a0 COMPLETO DI ACCESSORITBFX00704 Tubo flessibile L. 2 m \u00d836 mm LAFN28238 Tubo alluminio\/plastica L. 50 cm \u00d836 mm nr. 2 pz cad. LAFN85073 Curvetta con regolazione dell'aria \u00d836 mm SPPV01771 Spazzola doppio uso \u00d836 mm SPPV28245 Spazzola liquidi \u00d836 mm SPPV28242 Lancia piatta \u00d836 mm SPPV28243 Pennello \u00d836 mm MPVR00141 Bocchettina \u00d836 mm KTRI02133 Kit filtrante","og_url":"https:\/\/www.italchim.com\/shop\/prodotto\/gs-1-33-aspirapolveri-e-liquidi\/","og_site_name":"Italchim Shop","article_publisher":"https:\/\/www.facebook.com\/prodottipuliziaigiene","article_modified_time":"2024-09-24T14:40:20+00:00","og_image":[{"width":880,"height":880,"url":"https:\/\/www.italchim.com\/shop\/wp-content\/uploads\/sites\/2\/2021\/07\/IPC-GS1-33EXT.jpg","type":"image\/jpeg"}],"twitter_card":"summary_large_image","schema":{"@context":"https:\/\/schema.org","@graph":[{"@type":"WebPage","@id":"https:\/\/www.italchim.com\/shop\/prodotto\/gs-1-33-aspirapolveri-e-liquidi\/","url":"https:\/\/www.italchim.com\/shop\/prodotto\/gs-1-33-aspirapolveri-e-liquidi\/","name":"GS 1\/33 ASPIRAPOLVERI E LIQUIDI &ndash; Italchim Shop","isPartOf":{"@id":"https:\/\/www.italchim.com\/shop\/#website"},"datePublished":"2021-07-08T09:47:17+00:00","dateModified":"2024-09-24T14:40:20+00:00","breadcrumb":{"@id":"https:\/\/www.italchim.com\/shop\/prodotto\/gs-1-33-aspirapolveri-e-liquidi\/#breadcrumb"},"inLanguage":"it-IT","potentialAction":[{"@type":"ReadAction","target":["https:\/\/www.italchim.com\/shop\/prodotto\/gs-1-33-aspirapolveri-e-liquidi\/"]}]},{"@type":"BreadcrumbList","@id":"https:\/\/www.italchim.com\/shop\/prodotto\/gs-1-33-aspirapolveri-e-liquidi\/#breadcrumb","itemListElement":[{"@type":"ListItem","position":1,"name":"Home","item":"https:\/\/www.italchim.com\/shop\/"},{"@type":"ListItem","position":2,"name":"Shop","item":"https:\/\/www.italchim.com\/shop\/negozio\/"},{"@type":"ListItem","position":3,"name":"GS 1\/33 ASPIRAPOLVERI E LIQUIDI"}]},{"@type":"WebSite","@id":"https:\/\/www.italchim.com\/shop\/#website","url":"https:\/\/www.italchim.com\/shop\/","name":"Italchim Shop - Ecommerce","description":"Evoluzione di una formula vincente","publisher":{"@id":"https:\/\/www.italchim.com\/shop\/#organization"},"potentialAction":[{"@type":"SearchAction","target":{"@type":"EntryPoint","urlTemplate":"https:\/\/www.italchim.com\/shop\/?s={search_term_string}"},"query-input":"required name=search_term_string"}],"inLanguage":"it-IT"},{"@type":"Organization","@id":"https:\/\/www.italchim.com\/shop\/#organization","name":"Italchim Shop - Ecommerce","url":"https:\/\/www.italchim.com\/shop\/","logo":{"@type":"ImageObject","inLanguage":"it-IT","@id":"https:\/\/www.italchim.com\/shop\/#\/schema\/logo\/image\/","url":"https:\/\/www.italchim.com\/shop\/wp-content\/uploads\/sites\/2\/2022\/11\/italchim-logo.png","contentUrl":"https:\/\/www.italchim.com\/shop\/wp-content\/uploads\/sites\/2\/2022\/11\/italchim-logo.png","width":400,"height":94,"caption":"Italchim Shop - Ecommerce"},"image":{"@id":"https:\/\/www.italchim.com\/shop\/#\/schema\/logo\/image\/"},"sameAs":["https:\/\/www.facebook.com\/prodottipuliziaigiene"]}]}},"_links":{"self":[{"href":"https:\/\/www.italchim.com\/shop\/wp-json\/wp\/v2\/product\/1355"}],"collection":[{"href":"https:\/\/www.italchim.com\/shop\/wp-json\/wp\/v2\/product"}],"about":[{"href":"https:\/\/www.italchim.com\/shop\/wp-json\/wp\/v2\/types\/product"}],"wp:featuredmedia":[{"embeddable":true,"href":"https:\/\/www.italchim.com\/shop\/wp-json\/wp\/v2\/media\/2461"}],"wp:attachment":[{"href":"https:\/\/www.italchim.com\/shop\/wp-json\/wp\/v2\/media?parent=1355"}],"wp:term":[{"taxonomy":"product_cat","embeddable":true,"href":"https:\/\/www.italchim.com\/shop\/wp-json\/wp\/v2\/product_cat?post=1355"},{"taxonomy":"product_tag","embeddable":true,"href":"https:\/\/www.italchim.com\/shop\/wp-json\/wp\/v2\/product_tag?post=1355"}],"curies":[{"name":"wp","href":"https:\/\/api.w.org\/{rel}","templated":true}]}}