{"id":2987,"date":"2022-07-13T11:51:45","date_gmt":"2022-07-13T09:51:45","guid":{"rendered":"http:\/\/italchim.molluscobalena.eu\/shop\/?page_id=2987"},"modified":"2022-07-13T11:52:41","modified_gmt":"2022-07-13T09:52:41","slug":"modalita-di-acquisto","status":"publish","type":"page","link":"https:\/\/www.italchim.com\/shop\/modalita-di-acquisto\/","title":{"rendered":"Modalit\u00e0 di acquisto"},"content":{"rendered":"<p><strong>Obblighi dell\u2019acquirente<\/strong><\/p>\n<p>Il Cliente s&#8217;impegna ed obbliga, una volta conclusa la procedura d&#8217;acquisto &#8220;on-line&#8221;, a provvedere alla stampa ed alla conservazione delle presenti condizioni generali, che, peraltro, avr\u00e0 gi\u00e0 visionato ed<br \/>\naccettato, in quanto passaggio obbligatorio nell&#8217;acquisto, nonch\u00e9 delle specifiche del prodotto oggetto dell&#8217;acquisto. \u00c8 fatto severo divieto all&#8217;acquirente di inserire dati falsi, e\/o inventati, e\/o di fantasia, nella procedura di registrazione necessaria ad attivare nei suoi confronti l&#8217;iter per l&#8217;esecuzione del presente contratto e le relative ulteriori comunicazioni; i dati anagrafici e la e-mail devono essere esclusivamente i propri reali dati personali e non di terze persone e\/o di fantasia. Italchim s.r.l.. si riserva di perseguire legalmente ogni violazione ed abuso, nell&#8217;interesse e per la tutela dei consumatori.<\/p>\n<p><strong>Modalit\u00e0 di acquisto<\/strong><\/p>\n<p>Gli utenti che intendano avvalersi dei servizi presenti sul sito devono procedere alla Registrazione. L\u2019utente che procede alla registrazione garantisce di aver preso visione dell\u2019informativa privacy e che i dati personali<br \/>\nrilasciati siano veritieri, corretti ed aggiornati, assumendosi ogni responsabilit\u00e0 in merito alle informazioni fornite. Nel caso vi siano variazioni in merito l\u2019utente s\u2019impegna a informare la societ\u00e0 degli aggiornamenti nel minor tempo possibile.<br \/>\nL\u2019utente \u00e8 l\u2019unico responsabile della custodia e dell\u2019utilizzo della password rilasciata al momento della registrazione. Di ogni uso illecito o scorretto del sito operato attraverso l\u2019uso della password identificativa l\u2019utente risponder\u00e0 per fatto proprio anche se da lui non voluto o imputabile a terzi.<br \/>\nItalchim s.r.l. non si assume alcuna responsabilit\u00e0 per eventuali errori od omissioni contenute sul sito e si riserva il diritto di apportare modifiche allo stesso. Italchim s.r.l. non fornisce inoltre alcuna garanzia sulle informazioni pubblicate sul sito e non si assume alcuna responsabilit\u00e0 per danni derivanti dall&#8217;uso delle stesse; a tal proposito non viene rilasciata alcuna garanzia n\u00e9 dichiarazione in relazione all&#8217;accuratezza delle informazioni e si declina qualsiasi responsabilit\u00e0 per errori o per omissioni nel contenuto.<br \/>\nLa corretta ricezione dell&#8217;ordine \u00e8 confermata da Italchim s.r.l. mediante una risposta via e-mail, inviata all&#8217;indirizzo di posta elettronica comunicato dal Cliente. Tale messaggio di conferma riporter\u00e0 Data e Ora di esecuzione dell&#8217;ordine e un &#8216;Numero Ordine Cliente&#8217;, da utilizzarsi in ogni ulteriore comunicazione con Italchim s.r.l.. Il messaggio ripropone tutti i dati inseriti dal Cliente che si impegna a verificarne la correttezza e a comunicare tempestivamente eventuali correzioni, secondo le modalit\u00e0 descritte in questo documento.<br \/>\nNel caso di mancata accettazione dell&#8217;ordine, Italchim s.r.l. garantisce tempestiva comunicazione al Cliente.<\/p>\n<p><strong>Accettazione delle condizioni generali di vendita<\/strong><\/p>\n<p>Il contratto stipulato tra la ditta Italchim s.r.l. e il Cliente deve intendersi concluso con l&#8217;accettazione, anche solo parziale, dell&#8217;ordine da parte della ditta Italchim s.r.l.. Tale accettazione si ritiene tacita, se non altrimenti comunicato, con qualsiasi modalit\u00e0, al Cliente. Effettuando un ordine nelle varie modalit\u00e0 previste, il Cliente dichiara di aver preso visione di tutte le indicazioni a lui fornite durante la procedura d&#8217;acquisto, e di accettare integralmente le condizioni generali e di pagamento.<br \/>\nSe il Cliente \u00e8 un consumatore (ossia una persona fisica che acquista la merce per scopi non riferibili alla propria attivit\u00e0 professionale), una volta conclusa la procedura d&#8217;acquisto on-line, provveder\u00e0 a stampare o salvare copia elettronica e comunque conservare le presenti condizioni generali di vendita, nel rispetto di quanto previsto dall\u2019art. 53 Codice del Consumo.<br \/>\nL\u2019effettuazione dell\u2019ordine non \u00e8 idoneo a creare un\u2019aspettativa in capo all\u2019utente, dell\u2019accettazione dell\u2019ordine stesso da parte della ditta Italchim s.r.l.. Viene escluso ogni diritto del Cliente a un risarcimento danni o indennizzo, nonch\u00e9 qualsiasi responsabilit\u00e0 contrattuale o extracontrattuale per danni diretti o indiretti a persone e\/o cose, provocati dalla mancata accettazione, anche parziale, di un ordine.<\/p>\n","protected":false},"excerpt":{"rendered":"<p>Obblighi dell\u2019acquirente Il Cliente s&#8217;impegna ed obbliga, una volta conclusa la procedura d&#8217;acquisto &#8220;on-line&#8221;, a provvedere alla stampa ed alla conservazione delle presenti condizioni generali, che, peraltro, avr\u00e0 gi\u00e0 visionato ed accettato, in quanto passaggio obbligatorio nell&#8217;acquisto, nonch\u00e9 delle specifiche del prodotto oggetto dell&#8217;acquisto. \u00c8 fatto severo divieto all&#8217;acquirente di inserire dati falsi, e\/o inventati, &hellip; <a href=\"https:\/\/www.italchim.com\/shop\/modalita-di-acquisto\/\" class=\"more-link\">Continue reading <span class=\"screen-reader-text\">Modalit\u00e0 di acquisto<\/span><\/a><\/p>\n","protected":false},"author":1,"featured_media":0,"parent":0,"menu_order":0,"comment_status":"closed","ping_status":"closed","template":"","meta":[],"yoast_head":"<!-- This site is optimized with the Yoast SEO plugin v19.10 - https:\/\/yoast.com\/wordpress\/plugins\/seo\/ -->\n<title>Modalit\u00e0 di acquisto &ndash; Italchim Shop<\/title>\n<meta name=\"robots\" content=\"index, follow, max-snippet:-1, max-image-preview:large, max-video-preview:-1\" \/>\n<link rel=\"canonical\" href=\"https:\/\/www.italchim.com\/shop\/modalita-di-acquisto\/\" \/>\n<meta property=\"og:locale\" content=\"it_IT\" \/>\n<meta property=\"og:type\" content=\"article\" \/>\n<meta property=\"og:title\" content=\"Modalit\u00e0 di acquisto &ndash; Italchim Shop\" \/>\n<meta property=\"og:description\" content=\"Obblighi dell\u2019acquirente Il Cliente s&#8217;impegna ed obbliga, una volta conclusa la procedura d&#8217;acquisto &#8220;on-line&#8221;, a provvedere alla stampa ed alla conservazione delle presenti condizioni generali, che, peraltro, avr\u00e0 gi\u00e0 visionato ed accettato, in quanto passaggio obbligatorio nell&#8217;acquisto, nonch\u00e9 delle specifiche del prodotto oggetto dell&#8217;acquisto. \u00c8 fatto severo divieto all&#8217;acquirente di inserire dati falsi, e\/o inventati, &hellip; Continue reading Modalit\u00e0 di acquisto\" \/>\n<meta property=\"og:url\" content=\"https:\/\/www.italchim.com\/shop\/modalita-di-acquisto\/\" \/>\n<meta property=\"og:site_name\" content=\"Italchim Shop\" \/>\n<meta property=\"article:publisher\" content=\"https:\/\/www.facebook.com\/prodottipuliziaigiene\" \/>\n<meta property=\"article:modified_time\" content=\"2022-07-13T09:52:41+00:00\" \/>\n<meta name=\"twitter:card\" content=\"summary_large_image\" \/>\n<meta name=\"twitter:label1\" content=\"Tempo di lettura stimato\" \/>\n\t<meta name=\"twitter:data1\" content=\"3 minuti\" \/>\n<script type=\"application\/ld+json\" class=\"yoast-schema-graph\">{\"@context\":\"https:\/\/schema.org\",\"@graph\":[{\"@type\":\"WebPage\",\"@id\":\"https:\/\/www.italchim.com\/shop\/modalita-di-acquisto\/\",\"url\":\"https:\/\/www.italchim.com\/shop\/modalita-di-acquisto\/\",\"name\":\"Modalit\u00e0 di acquisto &ndash; Italchim Shop\",\"isPartOf\":{\"@id\":\"https:\/\/www.italchim.com\/shop\/#website\"},\"datePublished\":\"2022-07-13T09:51:45+00:00\",\"dateModified\":\"2022-07-13T09:52:41+00:00\",\"breadcrumb\":{\"@id\":\"https:\/\/www.italchim.com\/shop\/modalita-di-acquisto\/#breadcrumb\"},\"inLanguage\":\"it-IT\",\"potentialAction\":[{\"@type\":\"ReadAction\",\"target\":[\"https:\/\/www.italchim.com\/shop\/modalita-di-acquisto\/\"]}]},{\"@type\":\"BreadcrumbList\",\"@id\":\"https:\/\/www.italchim.com\/shop\/modalita-di-acquisto\/#breadcrumb\",\"itemListElement\":[{\"@type\":\"ListItem\",\"position\":1,\"name\":\"Home\",\"item\":\"https:\/\/www.italchim.com\/shop\/\"},{\"@type\":\"ListItem\",\"position\":2,\"name\":\"Modalit\u00e0 di acquisto\"}]},{\"@type\":\"WebSite\",\"@id\":\"https:\/\/www.italchim.com\/shop\/#website\",\"url\":\"https:\/\/www.italchim.com\/shop\/\",\"name\":\"Italchim Shop - Ecommerce\",\"description\":\"Evoluzione di una formula vincente\",\"publisher\":{\"@id\":\"https:\/\/www.italchim.com\/shop\/#organization\"},\"potentialAction\":[{\"@type\":\"SearchAction\",\"target\":{\"@type\":\"EntryPoint\",\"urlTemplate\":\"https:\/\/www.italchim.com\/shop\/?s={search_term_string}\"},\"query-input\":\"required name=search_term_string\"}],\"inLanguage\":\"it-IT\"},{\"@type\":\"Organization\",\"@id\":\"https:\/\/www.italchim.com\/shop\/#organization\",\"name\":\"Italchim Shop - Ecommerce\",\"url\":\"https:\/\/www.italchim.com\/shop\/\",\"logo\":{\"@type\":\"ImageObject\",\"inLanguage\":\"it-IT\",\"@id\":\"https:\/\/www.italchim.com\/shop\/#\/schema\/logo\/image\/\",\"url\":\"https:\/\/www.italchim.com\/shop\/wp-content\/uploads\/sites\/2\/2022\/11\/italchim-logo.png\",\"contentUrl\":\"https:\/\/www.italchim.com\/shop\/wp-content\/uploads\/sites\/2\/2022\/11\/italchim-logo.png\",\"width\":400,\"height\":94,\"caption\":\"Italchim Shop - Ecommerce\"},\"image\":{\"@id\":\"https:\/\/www.italchim.com\/shop\/#\/schema\/logo\/image\/\"},\"sameAs\":[\"https:\/\/www.facebook.com\/prodottipuliziaigiene\"]}]}<\/script>\n<!-- \/ Yoast SEO plugin. -->","yoast_head_json":{"title":"Modalit\u00e0 di acquisto &ndash; Italchim Shop","robots":{"index":"index","follow":"follow","max-snippet":"max-snippet:-1","max-image-preview":"max-image-preview:large","max-video-preview":"max-video-preview:-1"},"canonical":"https:\/\/www.italchim.com\/shop\/modalita-di-acquisto\/","og_locale":"it_IT","og_type":"article","og_title":"Modalit\u00e0 di acquisto &ndash; Italchim Shop","og_description":"Obblighi dell\u2019acquirente Il Cliente s&#8217;impegna ed obbliga, una volta conclusa la procedura d&#8217;acquisto &#8220;on-line&#8221;, a provvedere alla stampa ed alla conservazione delle presenti condizioni generali, che, peraltro, avr\u00e0 gi\u00e0 visionato ed accettato, in quanto passaggio obbligatorio nell&#8217;acquisto, nonch\u00e9 delle specifiche del prodotto oggetto dell&#8217;acquisto. \u00c8 fatto severo divieto all&#8217;acquirente di inserire dati falsi, e\/o inventati, &hellip; Continue reading Modalit\u00e0 di acquisto","og_url":"https:\/\/www.italchim.com\/shop\/modalita-di-acquisto\/","og_site_name":"Italchim Shop","article_publisher":"https:\/\/www.facebook.com\/prodottipuliziaigiene","article_modified_time":"2022-07-13T09:52:41+00:00","twitter_card":"summary_large_image","twitter_misc":{"Tempo di lettura stimato":"3 minuti"},"schema":{"@context":"https:\/\/schema.org","@graph":[{"@type":"WebPage","@id":"https:\/\/www.italchim.com\/shop\/modalita-di-acquisto\/","url":"https:\/\/www.italchim.com\/shop\/modalita-di-acquisto\/","name":"Modalit\u00e0 di acquisto &ndash; Italchim Shop","isPartOf":{"@id":"https:\/\/www.italchim.com\/shop\/#website"},"datePublished":"2022-07-13T09:51:45+00:00","dateModified":"2022-07-13T09:52:41+00:00","breadcrumb":{"@id":"https:\/\/www.italchim.com\/shop\/modalita-di-acquisto\/#breadcrumb"},"inLanguage":"it-IT","potentialAction":[{"@type":"ReadAction","target":["https:\/\/www.italchim.com\/shop\/modalita-di-acquisto\/"]}]},{"@type":"BreadcrumbList","@id":"https:\/\/www.italchim.com\/shop\/modalita-di-acquisto\/#breadcrumb","itemListElement":[{"@type":"ListItem","position":1,"name":"Home","item":"https:\/\/www.italchim.com\/shop\/"},{"@type":"ListItem","position":2,"name":"Modalit\u00e0 di acquisto"}]},{"@type":"WebSite","@id":"https:\/\/www.italchim.com\/shop\/#website","url":"https:\/\/www.italchim.com\/shop\/","name":"Italchim Shop - Ecommerce","description":"Evoluzione di una formula vincente","publisher":{"@id":"https:\/\/www.italchim.com\/shop\/#organization"},"potentialAction":[{"@type":"SearchAction","target":{"@type":"EntryPoint","urlTemplate":"https:\/\/www.italchim.com\/shop\/?s={search_term_string}"},"query-input":"required name=search_term_string"}],"inLanguage":"it-IT"},{"@type":"Organization","@id":"https:\/\/www.italchim.com\/shop\/#organization","name":"Italchim Shop - Ecommerce","url":"https:\/\/www.italchim.com\/shop\/","logo":{"@type":"ImageObject","inLanguage":"it-IT","@id":"https:\/\/www.italchim.com\/shop\/#\/schema\/logo\/image\/","url":"https:\/\/www.italchim.com\/shop\/wp-content\/uploads\/sites\/2\/2022\/11\/italchim-logo.png","contentUrl":"https:\/\/www.italchim.com\/shop\/wp-content\/uploads\/sites\/2\/2022\/11\/italchim-logo.png","width":400,"height":94,"caption":"Italchim Shop - Ecommerce"},"image":{"@id":"https:\/\/www.italchim.com\/shop\/#\/schema\/logo\/image\/"},"sameAs":["https:\/\/www.facebook.com\/prodottipuliziaigiene"]}]}},"_links":{"self":[{"href":"https:\/\/www.italchim.com\/shop\/wp-json\/wp\/v2\/pages\/2987"}],"collection":[{"href":"https:\/\/www.italchim.com\/shop\/wp-json\/wp\/v2\/pages"}],"about":[{"href":"https:\/\/www.italchim.com\/shop\/wp-json\/wp\/v2\/types\/page"}],"author":[{"embeddable":true,"href":"https:\/\/www.italchim.com\/shop\/wp-json\/wp\/v2\/users\/1"}],"replies":[{"embeddable":true,"href":"https:\/\/www.italchim.com\/shop\/wp-json\/wp\/v2\/comments?post=2987"}],"version-history":[{"count":3,"href":"https:\/\/www.italchim.com\/shop\/wp-json\/wp\/v2\/pages\/2987\/revisions"}],"predecessor-version":[{"id":2990,"href":"https:\/\/www.italchim.com\/shop\/wp-json\/wp\/v2\/pages\/2987\/revisions\/2990"}],"wp:attachment":[{"href":"https:\/\/www.italchim.com\/shop\/wp-json\/wp\/v2\/media?parent=2987"}],"curies":[{"name":"wp","href":"https:\/\/api.w.org\/{rel}","templated":true}]}}